{"id":168,"date":"2023-08-24T17:00:28","date_gmt":"2023-08-24T15:00:28","guid":{"rendered":"https:\/\/histoire-et-resumes.com\/?page_id=168"},"modified":"2025-04-02T10:20:11","modified_gmt":"2025-04-02T08:20:11","slug":"le-resume-de-lhistoire","status":"publish","type":"page","link":"https:\/\/histoire-et-resumes.com\/","title":{"rendered":"Le r\u00e9sum\u00e9 de l&rsquo;Histoire"},"content":{"rendered":"<h2><img fetchpriority=\"high\" decoding=\"async\" class=\"alignnone size-large wp-image-4640\" src=\"https:\/\/misterfanjo.com\/wp-content\/uploads\/2023\/08\/Illustration-Histoire-en-un-coup-doeil-4-1024x576.jpg\" alt=\"\" width=\"750\" height=\"422\" \/><\/h2>\n<p><span style=\"font-weight: 400;\">R\u00e9sumer en 10 minutes et de mani\u00e8re p\u00e9dagogique les 5 grandes p\u00e9riodes historiques (Pr\u00e9histoire, Antiquit\u00e9, Moyen-\u00c2ge, Temps Modernes, \u00c9poque contemporaine). Voici l\u2019objet de ce r\u00e9sum\u00e9 de l\u2019Histoire.<\/span><\/p>\n<div id=\"ez-toc-container\" class=\"ez-toc-v2_0_82_2 counter-hierarchy ez-toc-counter ez-toc-grey ez-toc-container-direction\">\n<div class=\"ez-toc-title-container\">\n<p class=\"ez-toc-title\" style=\"cursor:inherit\">Sommaire<\/p>\n<span class=\"ez-toc-title-toggle\"><a href=\"#\" class=\"ez-toc-pull-right ez-toc-btn ez-toc-btn-xs ez-toc-btn-default ez-toc-toggle\" aria-label=\"Toggle Table of Content\"><span class=\"ez-toc-js-icon-con\"><span class=\"\"><span class=\"eztoc-hide\" style=\"display:none;\">Toggle<\/span><span class=\"ez-toc-icon-toggle-span\"><svg style=\"fill: #999;color:#999\" xmlns=\"http:\/\/www.w3.org\/2000\/svg\" class=\"list-377408\" width=\"20px\" height=\"20px\" viewBox=\"0 0 24 24\" fill=\"none\"><path d=\"M6 6H4v2h2V6zm14 0H8v2h12V6zM4 11h2v2H4v-2zm16 0H8v2h12v-2zM4 16h2v2H4v-2zm16 0H8v2h12v-2z\" fill=\"currentColor\"><\/path><\/svg><svg style=\"fill: #999;color:#999\" class=\"arrow-unsorted-368013\" xmlns=\"http:\/\/www.w3.org\/2000\/svg\" width=\"10px\" height=\"10px\" viewBox=\"0 0 24 24\" version=\"1.2\" baseProfile=\"tiny\"><path d=\"M18.2 9.3l-6.2-6.3-6.2 6.3c-.2.2-.3.4-.3.7s.1.5.3.7c.2.2.4.3.7.3h11c.3 0 .5-.1.7-.3.2-.2.3-.5.3-.7s-.1-.5-.3-.7zM5.8 14.7l6.2 6.3 6.2-6.3c.2-.2.3-.5.3-.7s-.1-.5-.3-.7c-.2-.2-.4-.3-.7-.3h-11c-.3 0-.5.1-.7.3-.2.2-.3.5-.3.7s.1.5.3.7z\"\/><\/svg><\/span><\/span><\/span><\/a><\/span><\/div>\n<nav><ul class='ez-toc-list ez-toc-list-level-1 ' ><li class='ez-toc-page-1 ez-toc-heading-level-2'><a class=\"ez-toc-link ez-toc-heading-1\" href=\"https:\/\/histoire-et-resumes.com\/#La_presentation_du_projet\" >La pr\u00e9sentation du projet<\/a><\/li><li class='ez-toc-page-1 ez-toc-heading-level-2'><a class=\"ez-toc-link ez-toc-heading-2\" href=\"https:\/\/histoire-et-resumes.com\/#Les_episodes\" >Les \u00e9pisodes<\/a><ul class='ez-toc-list-level-3' ><li class='ez-toc-heading-level-3'><a class=\"ez-toc-link ez-toc-heading-3\" href=\"https:\/\/histoire-et-resumes.com\/#Resume_%E2%80%93_La_Prehistoire\" >R\u00e9sum\u00e9 &#8211; La Pr\u00e9histoire<\/a><\/li><li class='ez-toc-page-1 ez-toc-heading-level-3'><a class=\"ez-toc-link ez-toc-heading-4\" href=\"https:\/\/histoire-et-resumes.com\/#Resume_%E2%80%93_LAntiquite\" >R\u00e9sum\u00e9\u00a0&#8211; L&rsquo;Antiquit\u00e9<\/a><\/li><li class='ez-toc-page-1 ez-toc-heading-level-3'><a class=\"ez-toc-link ez-toc-heading-5\" href=\"https:\/\/histoire-et-resumes.com\/#Resume_%E2%80%93_Le_Moyen-Age\" >R\u00e9sum\u00e9 &#8211; Le Moyen-\u00c2ge<\/a><\/li><li class='ez-toc-page-1 ez-toc-heading-level-3'><a class=\"ez-toc-link ez-toc-heading-6\" href=\"https:\/\/histoire-et-resumes.com\/#Resume_%E2%80%93_Les_Temps_Modernes\" >R\u00e9sum\u00e9 &#8211; Les Temps Modernes<\/a><\/li><li class='ez-toc-page-1 ez-toc-heading-level-3'><a class=\"ez-toc-link ez-toc-heading-7\" href=\"https:\/\/histoire-et-resumes.com\/#Resume_%E2%80%93_LEpoque_Contemporaine\" >R\u00e9sum\u00e9 &#8211; L&rsquo;Epoque Contemporaine<\/a><\/li><\/ul><\/li><li class='ez-toc-page-1 ez-toc-heading-level-2'><a class=\"ez-toc-link ez-toc-heading-8\" href=\"https:\/\/histoire-et-resumes.com\/#La_fiche_de_synthese\" >La fiche de synth\u00e8se<\/a><\/li><li class='ez-toc-page-1 ez-toc-heading-level-2'><a class=\"ez-toc-link ez-toc-heading-9\" href=\"https:\/\/histoire-et-resumes.com\/#Testez_vos_connaissances_sur_lHistoire\" >Testez vos connaissances sur l&rsquo;Histoire :\u00a0<\/a><\/li><li class='ez-toc-page-1 ez-toc-heading-level-2'><a class=\"ez-toc-link ez-toc-heading-10\" href=\"https:\/\/histoire-et-resumes.com\/#Le_Pack_PREMIUM\" >Le Pack PREMIUM<\/a><\/li><\/ul><\/nav><\/div>\n<h2><span class=\"ez-toc-section\" id=\"La_presentation_du_projet\"><\/span><strong>La pr\u00e9sentation du projet<\/strong><span class=\"ez-toc-section-end\"><\/span><\/h2>\n<p><iframe title=\"R\u00e9sum\u00e9 de l&#039;Histoire - Pr\u00e9sentation du projet P02\" width=\"525\" height=\"295\" src=\"https:\/\/www.youtube.com\/embed\/Mjk9ATOG0sk?feature=oembed\" frameborder=\"0\" allow=\"accelerometer; autoplay; clipboard-write; encrypted-media; gyroscope; picture-in-picture; web-share\" referrerpolicy=\"strict-origin-when-cross-origin\" allowfullscreen><\/iframe><\/p>\n<p style=\"text-align: center;\"><a class=\"btn btn-primary btn-lg\" title=\"D\u00e9couvrir le projet\" href=\"https:\/\/histoire-et-resumes.com\/index.php\/le-resume-de-lhistoire\/infos-generales\/resume-de-lhistoire\/\" rel=\"noopener\" data-slimstat=\"5\">Pour en savoir plus<\/a><\/p>\n<h2><span class=\"ez-toc-section\" id=\"Les_episodes\"><\/span><strong>Les \u00e9pisodes<\/strong><span class=\"ez-toc-section-end\"><\/span><\/h2>\n<h3><span class=\"ez-toc-section\" id=\"Resume_%E2%80%93_La_Prehistoire\"><\/span>R\u00e9sum\u00e9 &#8211; La Pr\u00e9histoire<span class=\"ez-toc-section-end\"><\/span><\/h3>\n<p><a href=\"https:\/\/histoire-et-resumes.com\/index.php\/le-resume-de-lhistoire\/les-resumes\/resume-de-la-prehistoire\/\" target=\"_blank\" rel=\"noopener\"><img decoding=\"async\" class=\"wp-image-125 aligncenter\" src=\"https:\/\/histoire-et-resumes.com\/wp-content\/uploads\/2023\/08\/Prehistoire-300x169.jpg\" alt=\"\" width=\"789\" height=\"444\" srcset=\"https:\/\/histoire-et-resumes.com\/wp-content\/uploads\/2023\/08\/Prehistoire-300x169.jpg 300w, https:\/\/histoire-et-resumes.com\/wp-content\/uploads\/2023\/08\/Prehistoire-1024x576.jpg 1024w, https:\/\/histoire-et-resumes.com\/wp-content\/uploads\/2023\/08\/Prehistoire-768x432.jpg 768w, https:\/\/histoire-et-resumes.com\/wp-content\/uploads\/2023\/08\/Prehistoire-1536x864.jpg 1536w, https:\/\/histoire-et-resumes.com\/wp-content\/uploads\/2023\/08\/Prehistoire-2048x1152.jpg 2048w\" sizes=\"(max-width: 767px) 89vw, (max-width: 1000px) 54vw, (max-width: 1071px) 543px, 580px\" \/><\/a><\/p>\n<p style=\"text-align: center;\"><a class=\"btn btn-primary btn-lg\" title=\"D\u00e9couvrir le projet\" href=\"https:\/\/histoire-et-resumes.com\/index.php\/le-resume-de-lhistoire\/les-resumes\/resume-de-la-prehistoire\/\" target=\"_blank\" rel=\"noopener\" data-slimstat=\"5\">Consulter l&rsquo;\u00e9pisode<\/a><\/p>\n<h3><span class=\"ez-toc-section\" id=\"Resume_%E2%80%93_LAntiquite\"><\/span>R\u00e9sum\u00e9\u00a0&#8211; L&rsquo;Antiquit\u00e9<span class=\"ez-toc-section-end\"><\/span><\/h3>\n<p><a href=\"https:\/\/histoire-et-resumes.com\/index.php\/le-resume-de-lhistoire\/les-resumes\/resume-de-lantiquite\/\" target=\"_blank\" rel=\"noopener\"><img decoding=\"async\" class=\"alignnone wp-image-121\" src=\"https:\/\/histoire-et-resumes.com\/wp-content\/uploads\/2023\/08\/Antiquite-300x169.jpg\" alt=\"\" width=\"621\" height=\"350\" srcset=\"https:\/\/histoire-et-resumes.com\/wp-content\/uploads\/2023\/08\/Antiquite-300x169.jpg 300w, https:\/\/histoire-et-resumes.com\/wp-content\/uploads\/2023\/08\/Antiquite-1024x576.jpg 1024w, https:\/\/histoire-et-resumes.com\/wp-content\/uploads\/2023\/08\/Antiquite-768x432.jpg 768w, https:\/\/histoire-et-resumes.com\/wp-content\/uploads\/2023\/08\/Antiquite-1536x864.jpg 1536w, https:\/\/histoire-et-resumes.com\/wp-content\/uploads\/2023\/08\/Antiquite-2048x1152.jpg 2048w\" sizes=\"(max-width: 621px) 100vw, 621px\" \/><\/a><\/p>\n<p style=\"text-align: center;\"><a class=\"btn btn-primary btn-lg\" title=\"D\u00e9couvrir le projet\" href=\"https:\/\/histoire-et-resumes.com\/index.php\/le-resume-de-lhistoire\/les-resumes\/resume-de-lantiquite\/\" target=\"_blank\" rel=\"noopener\" data-slimstat=\"5\">Consulter l&rsquo;\u00e9pisode<\/a><\/p>\n<h3><span class=\"ez-toc-section\" id=\"Resume_%E2%80%93_Le_Moyen-Age\"><\/span>R\u00e9sum\u00e9 &#8211; Le Moyen-\u00c2ge<span class=\"ez-toc-section-end\"><\/span><\/h3>\n<p><a href=\"https:\/\/histoire-et-resumes.com\/index.php\/le-resume-de-lhistoire\/les-resumes\/resume-du-moyen-age\/\" target=\"_blank\" rel=\"noopener\"><img loading=\"lazy\" decoding=\"async\" class=\"alignnone wp-image-124\" src=\"https:\/\/histoire-et-resumes.com\/wp-content\/uploads\/2023\/08\/Moyen-Age-300x169.jpg\" alt=\"\" width=\"595\" height=\"335\" srcset=\"https:\/\/histoire-et-resumes.com\/wp-content\/uploads\/2023\/08\/Moyen-Age-300x169.jpg 300w, https:\/\/histoire-et-resumes.com\/wp-content\/uploads\/2023\/08\/Moyen-Age-1024x576.jpg 1024w, https:\/\/histoire-et-resumes.com\/wp-content\/uploads\/2023\/08\/Moyen-Age-768x432.jpg 768w, https:\/\/histoire-et-resumes.com\/wp-content\/uploads\/2023\/08\/Moyen-Age-1536x864.jpg 1536w, https:\/\/histoire-et-resumes.com\/wp-content\/uploads\/2023\/08\/Moyen-Age-2048x1152.jpg 2048w\" sizes=\"(max-width: 595px) 100vw, 595px\" \/><\/a><\/p>\n<p style=\"text-align: center;\"><a class=\"btn btn-primary btn-lg\" title=\"D\u00e9couvrir le projet\" href=\"https:\/\/histoire-et-resumes.com\/index.php\/le-resume-de-lhistoire\/les-resumes\/resume-du-moyen-age\/\" target=\"_blank\" rel=\"noopener\" data-slimstat=\"5\">Consulter l&rsquo;\u00e9pisode<\/a><\/p>\n<h3><span class=\"ez-toc-section\" id=\"Resume_%E2%80%93_Les_Temps_Modernes\"><\/span>R\u00e9sum\u00e9 &#8211; Les Temps Modernes<span class=\"ez-toc-section-end\"><\/span><\/h3>\n<p><a href=\"https:\/\/histoire-et-resumes.com\/index.php\/le-resume-de-lhistoire\/les-resumes\/resume-des-temps-modernes\/\" target=\"_blank\" rel=\"noopener\"><img loading=\"lazy\" decoding=\"async\" class=\"wp-image-120 alignnone\" src=\"https:\/\/histoire-et-resumes.com\/wp-content\/uploads\/2023\/08\/Temps-Modernes-300x169.jpg\" alt=\"\" width=\"657\" height=\"370\" srcset=\"https:\/\/histoire-et-resumes.com\/wp-content\/uploads\/2023\/08\/Temps-Modernes-300x169.jpg 300w, https:\/\/histoire-et-resumes.com\/wp-content\/uploads\/2023\/08\/Temps-Modernes-1024x576.jpg 1024w, https:\/\/histoire-et-resumes.com\/wp-content\/uploads\/2023\/08\/Temps-Modernes-768x432.jpg 768w, https:\/\/histoire-et-resumes.com\/wp-content\/uploads\/2023\/08\/Temps-Modernes-1536x864.jpg 1536w, https:\/\/histoire-et-resumes.com\/wp-content\/uploads\/2023\/08\/Temps-Modernes-2048x1152.jpg 2048w\" sizes=\"(max-width: 657px) 100vw, 657px\" \/><\/a><\/p>\n<p style=\"text-align: center;\"><a class=\"btn btn-primary btn-lg\" title=\"D\u00e9couvrir le projet\" href=\"https:\/\/histoire-et-resumes.com\/index.php\/le-resume-de-lhistoire\/les-resumes\/resume-des-temps-modernes\/\" target=\"_blank\" rel=\"noopener\" data-slimstat=\"5\">Consulter l&rsquo;\u00e9pisode<\/a><\/p>\n<h3><span class=\"ez-toc-section\" id=\"Resume_%E2%80%93_LEpoque_Contemporaine\"><\/span>R\u00e9sum\u00e9 &#8211; L&rsquo;Epoque Contemporaine<span class=\"ez-toc-section-end\"><\/span><\/h3>\n<p><a href=\"https:\/\/histoire-et-resumes.com\/index.php\/le-resume-de-lhistoire\/les-resumes\/resume-de-lepoque-contemporaine\/\" target=\"_blank\" rel=\"noopener\"><img loading=\"lazy\" decoding=\"async\" class=\"alignnone wp-image-122\" src=\"https:\/\/histoire-et-resumes.com\/wp-content\/uploads\/2023\/08\/Epoque-contemporaine-300x169.jpg\" alt=\"\" width=\"627\" height=\"353\" srcset=\"https:\/\/histoire-et-resumes.com\/wp-content\/uploads\/2023\/08\/Epoque-contemporaine-300x169.jpg 300w, https:\/\/histoire-et-resumes.com\/wp-content\/uploads\/2023\/08\/Epoque-contemporaine-1024x576.jpg 1024w, https:\/\/histoire-et-resumes.com\/wp-content\/uploads\/2023\/08\/Epoque-contemporaine-768x432.jpg 768w, https:\/\/histoire-et-resumes.com\/wp-content\/uploads\/2023\/08\/Epoque-contemporaine-1536x864.jpg 1536w, https:\/\/histoire-et-resumes.com\/wp-content\/uploads\/2023\/08\/Epoque-contemporaine-2048x1152.jpg 2048w\" sizes=\"(max-width: 627px) 100vw, 627px\" \/><\/a><\/p>\n<p style=\"text-align: center;\"><a class=\"btn btn-primary btn-lg\" title=\"D\u00e9couvrir le projet\" href=\"https:\/\/histoire-et-resumes.com\/index.php\/le-resume-de-lhistoire\/les-resumes\/resume-de-lepoque-contemporaine\/\" target=\"_blank\" rel=\"noopener\" data-slimstat=\"5\">Consulter l&rsquo;\u00e9pisode<\/a><\/p>\n<h2><span class=\"ez-toc-section\" id=\"La_fiche_de_synthese\"><\/span><strong>La fiche de synth\u00e8se<\/strong><span class=\"ez-toc-section-end\"><\/span><\/h2>\n<p><a href=\"https:\/\/histoire-et-resumes.com\/wp-content\/uploads\/2023\/09\/Fiche-Synthese-Generale.pdf\" target=\"_blank\" rel=\"noopener\"><img loading=\"lazy\" decoding=\"async\" class=\"aligncenter wp-image-238 \" src=\"https:\/\/histoire-et-resumes.com\/wp-content\/uploads\/2023\/09\/Fiche-Synthese-Generale-300x169.jpg\" alt=\"\" width=\"795\" height=\"448\" srcset=\"https:\/\/histoire-et-resumes.com\/wp-content\/uploads\/2023\/09\/Fiche-Synthese-Generale-300x169.jpg 300w, https:\/\/histoire-et-resumes.com\/wp-content\/uploads\/2023\/09\/Fiche-Synthese-Generale-1024x576.jpg 1024w, https:\/\/histoire-et-resumes.com\/wp-content\/uploads\/2023\/09\/Fiche-Synthese-Generale-768x432.jpg 768w, https:\/\/histoire-et-resumes.com\/wp-content\/uploads\/2023\/09\/Fiche-Synthese-Generale-1536x864.jpg 1536w, https:\/\/histoire-et-resumes.com\/wp-content\/uploads\/2023\/09\/Fiche-Synthese-Generale.jpg 1920w\" sizes=\"(max-width: 767px) 89vw, (max-width: 1000px) 54vw, (max-width: 1071px) 543px, 580px\" \/><\/a><\/p>\n<p style=\"text-align: center;\"><a class=\"btn btn-primary btn-lg\" title=\"D\u00e9couvrir le projet\" href=\"https:\/\/misterfanjo.podia.com\/p02-resume-de-l-histoire-fiche-de-synthese\" target=\"_blank\" rel=\"noopener\" data-slimstat=\"5\">Consulter la frise<\/a><\/p>\n<h2><span class=\"ez-toc-section\" id=\"Testez_vos_connaissances_sur_lHistoire\"><\/span><b>Testez vos connaissances sur l&rsquo;Histoire :\u00a0<\/b><span class=\"ez-toc-section-end\"><\/span><\/h2>\n<p style=\"text-align: center;\"><a class=\"btn btn-primary btn-lg\" title=\"D\u00e9couvrir le projet\" href=\"https:\/\/histoire-et-resumes.com\/index.php\/qsm_quiz\/qcm-testez-vos-connaissances-en-histoire-2\/\" target=\"_blank\" rel=\"noopener\" data-slimstat=\"5\">Acc\u00e9der au QCM<\/a><\/p>\n<h2><span class=\"ez-toc-section\" id=\"Le_Pack_PREMIUM\"><\/span><strong>Le Pack PREMIUM<\/strong><span class=\"ez-toc-section-end\"><\/span><\/h2>\n<p><a href=\"https:\/\/misterfanjo.podia.com\/p02-resume-de-l-histoire-pack-premium\" target=\"_blank\" rel=\"noopener\"><img loading=\"lazy\" decoding=\"async\" class=\"alignnone wp-image-716\" src=\"https:\/\/histoire-et-resumes.com\/wp-content\/uploads\/2025\/04\/Contenu-du-programme-PREMIUM-300x169.jpg\" alt=\"\" width=\"1143\" height=\"644\" srcset=\"https:\/\/histoire-et-resumes.com\/wp-content\/uploads\/2025\/04\/Contenu-du-programme-PREMIUM-300x169.jpg 300w, https:\/\/histoire-et-resumes.com\/wp-content\/uploads\/2025\/04\/Contenu-du-programme-PREMIUM-1024x576.jpg 1024w, https:\/\/histoire-et-resumes.com\/wp-content\/uploads\/2025\/04\/Contenu-du-programme-PREMIUM-768x432.jpg 768w, https:\/\/histoire-et-resumes.com\/wp-content\/uploads\/2025\/04\/Contenu-du-programme-PREMIUM-1536x864.jpg 1536w, https:\/\/histoire-et-resumes.com\/wp-content\/uploads\/2025\/04\/Contenu-du-programme-PREMIUM-2048x1152.jpg 2048w, https:\/\/histoire-et-resumes.com\/wp-content\/uploads\/2025\/04\/Contenu-du-programme-PREMIUM-350x197.jpg 350w\" sizes=\"(max-width: 767px) 89vw, (max-width: 1000px) 54vw, (max-width: 1071px) 543px, 580px\" \/><\/a><\/p>\n<p style=\"text-align: center;\"><a class=\"btn btn-primary btn-lg\" title=\"D\u00e9couvrir le projet\" href=\"https:\/\/misterfanjo.podia.com\/p02-resume-de-l-histoire-pack-premium\" target=\"_blank\" rel=\"noopener\" data-slimstat=\"5\">En savoir plus<\/a><\/p>\n","protected":false},"excerpt":{"rendered":"<p>R\u00e9sumer en 10 minutes et de mani\u00e8re p\u00e9dagogique les 5 grandes p\u00e9riodes historiques (Pr\u00e9histoire, Antiquit\u00e9, Moyen-\u00c2ge, Temps Modernes, \u00c9poque contemporaine). Voici l\u2019objet de ce r\u00e9sum\u00e9 de l\u2019Histoire. La pr\u00e9sentation du projet Pour en savoir plus Les \u00e9pisodes R\u00e9sum\u00e9 &#8211; La Pr\u00e9histoire Consulter l&rsquo;\u00e9pisode R\u00e9sum\u00e9\u00a0&#8211; L&rsquo;Antiquit\u00e9 Consulter l&rsquo;\u00e9pisode R\u00e9sum\u00e9 &#8211; Le Moyen-\u00c2ge Consulter l&rsquo;\u00e9pisode R\u00e9sum\u00e9 &#8211; Les Temps Modernes Consulter l&rsquo;\u00e9pisode R\u00e9sum\u00e9 &#8211; L&rsquo;Epoque Contemporaine Consulter l&rsquo;\u00e9pisode La fiche de synth\u00e8se Consulter la frise Testez vos connaissances sur l&rsquo;Histoire :\u00a0 Acc\u00e9der au QCM Le Pack PREMIUM En savoir plus<\/p>\n","protected":false},"author":1,"featured_media":0,"parent":0,"menu_order":0,"comment_status":"closed","ping_status":"closed","template":"","meta":{"footnotes":""},"class_list":["post-168","page","type-page","status-publish","hentry"],"yoast_head":"<!-- This site is optimized with the Yoast SEO plugin v27.4 - https:\/\/yoast.com\/product\/yoast-seo-wordpress\/ -->\n<title>Le r\u00e9sum\u00e9 de l&#039;Histoire - R\u00e9sum\u00e9 de l&#039;Histoire<\/title>\n<meta name=\"description\" content=\"\u27bd Cliquez ici pour d\u00e9couvrir un r\u00e9sum\u00e9 des cinq grandes p\u00e9riodes historiques avec ce r\u00e9sum\u00e9 sur l&#039;Histoire. C&#039;est parti ! \u2705\" \/>\n<meta name=\"robots\" content=\"index, follow, max-snippet:-1, max-image-preview:large, max-video-preview:-1\" \/>\n<link rel=\"canonical\" href=\"https:\/\/histoire-et-resumes.com\/\" \/>\n<meta property=\"og:locale\" content=\"fr_FR\" \/>\n<meta property=\"og:type\" content=\"article\" \/>\n<meta property=\"og:title\" content=\"Le r\u00e9sum\u00e9 de l&#039;Histoire - R\u00e9sum\u00e9 de l&#039;Histoire\" \/>\n<meta property=\"og:description\" content=\"\u27bd Cliquez ici pour d\u00e9couvrir un r\u00e9sum\u00e9 des cinq grandes p\u00e9riodes historiques avec ce r\u00e9sum\u00e9 sur l&#039;Histoire. C&#039;est parti ! \u2705\" \/>\n<meta property=\"og:url\" content=\"https:\/\/histoire-et-resumes.com\/\" \/>\n<meta property=\"og:site_name\" content=\"R\u00e9sum\u00e9 de l&#039;Histoire\" \/>\n<meta property=\"article:modified_time\" content=\"2025-04-02T08:20:11+00:00\" \/>\n<meta property=\"og:image\" content=\"https:\/\/misterfanjo.com\/wp-content\/uploads\/2023\/08\/Illustration-Histoire-en-un-coup-doeil-4-1024x576.jpg\" \/>\n<meta name=\"twitter:card\" content=\"summary_large_image\" \/>\n<meta name=\"twitter:site\" content=\"@misterfanjo\" \/>\n<meta name=\"twitter:label1\" content=\"Dur\u00e9e de lecture estim\u00e9e\" \/>\n\t<meta name=\"twitter:data1\" content=\"3 minutes\" \/>\n<script type=\"application\/ld+json\" class=\"yoast-schema-graph\">{\"@context\":\"https:\\\/\\\/schema.org\",\"@graph\":[{\"@type\":\"WebPage\",\"@id\":\"https:\\\/\\\/histoire-et-resumes.com\\\/\",\"url\":\"https:\\\/\\\/histoire-et-resumes.com\\\/\",\"name\":\"Le r\u00e9sum\u00e9 de l'Histoire - R\u00e9sum\u00e9 de l&#039;Histoire\",\"isPartOf\":{\"@id\":\"https:\\\/\\\/histoire-et-resumes.com\\\/#website\"},\"primaryImageOfPage\":{\"@id\":\"https:\\\/\\\/histoire-et-resumes.com\\\/#primaryimage\"},\"image\":{\"@id\":\"https:\\\/\\\/histoire-et-resumes.com\\\/#primaryimage\"},\"thumbnailUrl\":\"https:\\\/\\\/misterfanjo.com\\\/wp-content\\\/uploads\\\/2023\\\/08\\\/Illustration-Histoire-en-un-coup-doeil-4-1024x576.jpg\",\"datePublished\":\"2023-08-24T15:00:28+00:00\",\"dateModified\":\"2025-04-02T08:20:11+00:00\",\"description\":\"\u27bd Cliquez ici pour d\u00e9couvrir un r\u00e9sum\u00e9 des cinq grandes p\u00e9riodes historiques avec ce r\u00e9sum\u00e9 sur l'Histoire. C'est parti ! \u2705\",\"breadcrumb\":{\"@id\":\"https:\\\/\\\/histoire-et-resumes.com\\\/#breadcrumb\"},\"inLanguage\":\"fr-FR\",\"potentialAction\":[{\"@type\":\"ReadAction\",\"target\":[\"https:\\\/\\\/histoire-et-resumes.com\\\/\"]}]},{\"@type\":\"ImageObject\",\"inLanguage\":\"fr-FR\",\"@id\":\"https:\\\/\\\/histoire-et-resumes.com\\\/#primaryimage\",\"url\":\"https:\\\/\\\/misterfanjo.com\\\/wp-content\\\/uploads\\\/2023\\\/08\\\/Illustration-Histoire-en-un-coup-doeil-4-1024x576.jpg\",\"contentUrl\":\"https:\\\/\\\/misterfanjo.com\\\/wp-content\\\/uploads\\\/2023\\\/08\\\/Illustration-Histoire-en-un-coup-doeil-4-1024x576.jpg\"},{\"@type\":\"BreadcrumbList\",\"@id\":\"https:\\\/\\\/histoire-et-resumes.com\\\/#breadcrumb\",\"itemListElement\":[{\"@type\":\"ListItem\",\"position\":1,\"name\":\"Accueil\",\"item\":\"https:\\\/\\\/histoire-et-resumes.com\\\/\"},{\"@type\":\"ListItem\",\"position\":2,\"name\":\"Le r\u00e9sum\u00e9 de l&rsquo;Histoire\"}]},{\"@type\":\"WebSite\",\"@id\":\"https:\\\/\\\/histoire-et-resumes.com\\\/#website\",\"url\":\"https:\\\/\\\/histoire-et-resumes.com\\\/\",\"name\":\"L'Histoire en un coup d'\u0153il\",\"description\":\"Un r\u00e9sum\u00e9 des 5 grandes p\u00e9riodes historiques.\",\"potentialAction\":[{\"@type\":\"SearchAction\",\"target\":{\"@type\":\"EntryPoint\",\"urlTemplate\":\"https:\\\/\\\/histoire-et-resumes.com\\\/?s={search_term_string}\"},\"query-input\":{\"@type\":\"PropertyValueSpecification\",\"valueRequired\":true,\"valueName\":\"search_term_string\"}}],\"inLanguage\":\"fr-FR\"}]}<\/script>\n<!-- \/ Yoast SEO plugin. -->","yoast_head_json":{"title":"Le r\u00e9sum\u00e9 de l'Histoire - R\u00e9sum\u00e9 de l&#039;Histoire","description":"\u27bd Cliquez ici pour d\u00e9couvrir un r\u00e9sum\u00e9 des cinq grandes p\u00e9riodes historiques avec ce r\u00e9sum\u00e9 sur l'Histoire. C'est parti ! \u2705","robots":{"index":"index","follow":"follow","max-snippet":"max-snippet:-1","max-image-preview":"max-image-preview:large","max-video-preview":"max-video-preview:-1"},"canonical":"https:\/\/histoire-et-resumes.com\/","og_locale":"fr_FR","og_type":"article","og_title":"Le r\u00e9sum\u00e9 de l'Histoire - R\u00e9sum\u00e9 de l&#039;Histoire","og_description":"\u27bd Cliquez ici pour d\u00e9couvrir un r\u00e9sum\u00e9 des cinq grandes p\u00e9riodes historiques avec ce r\u00e9sum\u00e9 sur l'Histoire. C'est parti ! \u2705","og_url":"https:\/\/histoire-et-resumes.com\/","og_site_name":"R\u00e9sum\u00e9 de l&#039;Histoire","article_modified_time":"2025-04-02T08:20:11+00:00","og_image":[{"url":"https:\/\/misterfanjo.com\/wp-content\/uploads\/2023\/08\/Illustration-Histoire-en-un-coup-doeil-4-1024x576.jpg","type":"","width":"","height":""}],"twitter_card":"summary_large_image","twitter_site":"@misterfanjo","twitter_misc":{"Dur\u00e9e de lecture estim\u00e9e":"3 minutes"},"schema":{"@context":"https:\/\/schema.org","@graph":[{"@type":"WebPage","@id":"https:\/\/histoire-et-resumes.com\/","url":"https:\/\/histoire-et-resumes.com\/","name":"Le r\u00e9sum\u00e9 de l'Histoire - R\u00e9sum\u00e9 de l&#039;Histoire","isPartOf":{"@id":"https:\/\/histoire-et-resumes.com\/#website"},"primaryImageOfPage":{"@id":"https:\/\/histoire-et-resumes.com\/#primaryimage"},"image":{"@id":"https:\/\/histoire-et-resumes.com\/#primaryimage"},"thumbnailUrl":"https:\/\/misterfanjo.com\/wp-content\/uploads\/2023\/08\/Illustration-Histoire-en-un-coup-doeil-4-1024x576.jpg","datePublished":"2023-08-24T15:00:28+00:00","dateModified":"2025-04-02T08:20:11+00:00","description":"\u27bd Cliquez ici pour d\u00e9couvrir un r\u00e9sum\u00e9 des cinq grandes p\u00e9riodes historiques avec ce r\u00e9sum\u00e9 sur l'Histoire. C'est parti ! \u2705","breadcrumb":{"@id":"https:\/\/histoire-et-resumes.com\/#breadcrumb"},"inLanguage":"fr-FR","potentialAction":[{"@type":"ReadAction","target":["https:\/\/histoire-et-resumes.com\/"]}]},{"@type":"ImageObject","inLanguage":"fr-FR","@id":"https:\/\/histoire-et-resumes.com\/#primaryimage","url":"https:\/\/misterfanjo.com\/wp-content\/uploads\/2023\/08\/Illustration-Histoire-en-un-coup-doeil-4-1024x576.jpg","contentUrl":"https:\/\/misterfanjo.com\/wp-content\/uploads\/2023\/08\/Illustration-Histoire-en-un-coup-doeil-4-1024x576.jpg"},{"@type":"BreadcrumbList","@id":"https:\/\/histoire-et-resumes.com\/#breadcrumb","itemListElement":[{"@type":"ListItem","position":1,"name":"Accueil","item":"https:\/\/histoire-et-resumes.com\/"},{"@type":"ListItem","position":2,"name":"Le r\u00e9sum\u00e9 de l&rsquo;Histoire"}]},{"@type":"WebSite","@id":"https:\/\/histoire-et-resumes.com\/#website","url":"https:\/\/histoire-et-resumes.com\/","name":"L'Histoire en un coup d'\u0153il","description":"Un r\u00e9sum\u00e9 des 5 grandes p\u00e9riodes historiques.","potentialAction":[{"@type":"SearchAction","target":{"@type":"EntryPoint","urlTemplate":"https:\/\/histoire-et-resumes.com\/?s={search_term_string}"},"query-input":{"@type":"PropertyValueSpecification","valueRequired":true,"valueName":"search_term_string"}}],"inLanguage":"fr-FR"}]}},"_links":{"self":[{"href":"https:\/\/histoire-et-resumes.com\/index.php\/wp-json\/wp\/v2\/pages\/168","targetHints":{"allow":["GET"]}}],"collection":[{"href":"https:\/\/histoire-et-resumes.com\/index.php\/wp-json\/wp\/v2\/pages"}],"about":[{"href":"https:\/\/histoire-et-resumes.com\/index.php\/wp-json\/wp\/v2\/types\/page"}],"author":[{"embeddable":true,"href":"https:\/\/histoire-et-resumes.com\/index.php\/wp-json\/wp\/v2\/users\/1"}],"replies":[{"embeddable":true,"href":"https:\/\/histoire-et-resumes.com\/index.php\/wp-json\/wp\/v2\/comments?post=168"}],"version-history":[{"count":25,"href":"https:\/\/histoire-et-resumes.com\/index.php\/wp-json\/wp\/v2\/pages\/168\/revisions"}],"predecessor-version":[{"id":727,"href":"https:\/\/histoire-et-resumes.com\/index.php\/wp-json\/wp\/v2\/pages\/168\/revisions\/727"}],"wp:attachment":[{"href":"https:\/\/histoire-et-resumes.com\/index.php\/wp-json\/wp\/v2\/media?parent=168"}],"curies":[{"name":"wp","href":"https:\/\/api.w.org\/{rel}","templated":true}]}}